 of 658 and 376?
94
What is the highest common factor of 581 and 7?
7
What is the greatest common factor of 297 and 81?
27
What is the highest common divisor of 110 and 1925?
55
What is the greatest common divisor of 5220 and 10?
10
Calculate the highest common divisor of 39896 and 8.
8
Calculate the greatest common divisor of 10526 and 38.
38
What is the highest common divisor of 2130 and 210?
30
What is the highest common divisor of 14 and 287?
7
What is the greatest common divisor of 69 and 345?
69
Calculate the greatest common divisor of 45 and 3438.
9
Calculate the greatest common factor of 341 and 297.
11
Calculate the highest common divisor of 6464 and 8.
8
Calculate the highest common factor of 352 and 96.
32
Calculate the greatest common factor of 261 and 696.
87
What is the greatest common factor of 1440 and 135?
45
What is the greatest common divisor of 5672 and 8?
8
What is the greatest common divisor of 4150 and 50?
50
What is the greatest common divisor of 817 and 437?
19
Calculate the highest common factor of 29582 and 14.
14
Calculate the greatest common divisor of 144 and 1584.
144
Calculate the greatest common factor of 1000 and 2125.
125
What is the highest common factor of 66 and 3960?
66
Calculate the greatest common factor of 8 and 1112.
8
Calculate the highest common divisor of 7 and 658.
7
What is the greatest common divisor of 1022 and 70?
14
Calculate the greatest common factor of 76 and 2052.
76
What is the greatest common divisor of 2783 and 161?
23
Calculate the highest common divisor of 156 and 884.
52
Calculate the greatest common divisor of 30 and 240.
30
Calculate the highest common divisor of 52 and 1196.
52
Calculate the greatest common factor of 208 and 17576.
104
What is the highest common factor of 865 and 5?
5
What is the greatest common divisor of 200 and 4450?
50
Calculate the greatest common divisor of 1020 and 420.
60
Calculate the highest common factor of 189 and 1161.
27
Calculate the highest common factor of 109 and 2.
1
Calculate the highest common factor of 420 and 40.
20
Calculate the greatest common divisor of 200 and 7100.
100
What is the greatest common factor of 399 and 3648?
57
What is the greatest common factor of 6177 and 852?
213
Calculate the greatest common factor of 1 and 701.
1
What is the greatest common divisor of 47 and 611?
47
What is the greatest common factor of 7 and 18697?
7
What is the highest common factor of 110 and 2035?
55
Calculate the greatest common factor of 3 and 23.
1
Calculate the highest common factor of 594 and 264.
66
Calculate the highest common factor of 859 and 2.
1
What is the highest common divisor of 22 and 5467?
11
Calculate the greatest common factor of 264 and 33.
33
What is the greatest common factor of 51 and 15?
3
What is the greatest common divisor of 657 and 27?
9
Calculate the greatest common divisor of 274 and 2.
2
What is the highest common divisor of 186 and 18?
6
What is the greatest common divisor of 22675 and 25?
25
Calculate the highest common factor of 2868 and 12.
12
Calculate the highest common factor of 74 and 1739.
37
Calculate the greatest common factor of 1673 and 14.
7
Calculate the greatest common factor of 371 and 7.
7
What is the highest common factor of 576 and 27?
9
Calculate the greatest common divisor of 29 and 116.
29
What is the greatest common divisor of 48 and 1488?
48
Calculate the highest common factor of 78 and 884.
26
Calculate the greatest common divisor of 2234 and 2.
2
Calculate the highest common factor of 273 and 168.
21
What is the greatest common divisor of 16 and 3184?
16
What is the greatest common factor of 65 and 20215?
65
What is the highest common divisor of 40 and 240?
40
Calculate the greatest common factor of 578 and 34.
34
What is the greatest common divisor of 14 and 574?
14
Calculate the highest common divisor of 714 and 294.
42
What is the highest common factor of 522 and 58?
58
What is the highest common divisor of 31 and 2511?
31
Calculate the highest common divisor of 46 and 10419.
23
Calculate the highest common divisor of 1075 and 550.
25
Calculate the highest common factor of 27805 and 2075.
415
What is the highest common factor of 35 and 163205?
35
Calculate the highest common factor of 332 and 20.
4
What is the greatest common divisor of 36 and 414?
18
What is the highest common factor of 15 and 5?
5
What is the highest common divisor of 5668 and 52?
52
Calculate the greatest common divisor of 44 and 121.
11
What is the greatest common divisor of 72 and 81?
9
Calculate the greatest common divisor of 20 and 35.
5
What is the highest common divisor of 54 and 480?
6
Calculate the greatest common factor of 71 and 355.
71
What is the highest common divisor of 52 and 4?
4
Calculate the greatest common divisor of 630 and 30555.
315
Calculate the greatest common divisor of 76 and 6574.
38
What is the greatest common divisor of 117 and 1742?
13
What is the highest common divisor of 75 and 960?
15
What is the greatest common divisor of 41 and 697?
41
What is the greatest common factor of 58 and 522?
58
Calculate the greatest common factor of 14 and 22.
2
Calculate the greatest common divisor of 24 and 3.
3
What is the highest common factor of 81 and 12?
3
What is the highest common divisor of 49 and 1582?
7
Calculate the highest common divisor of 675 and 60.
15
Calculate the highest common factor of 2026 and 4.
2
What is the greatest common factor of 248 and 27032?
248
What is the highest common divisor of 36 and 696?
12
Calculate the greatest common divisor of 40 and 6020.
20
Calculate the greatest common factor of 48 and 420.
12
Calculate the highest common divisor of 27 and 27.
27
Calculate the highest common divisor of 16 and 1616.
16
Calculate the greatest common divisor of 26 and 1313.
13
Calculate the greatest common divisor of 850 and 250.
50
What is the greatest common divisor of 4114 and 242?
242
What is the highest common factor of 2808 and 168?
24
Calculate the greatest common divisor of 133 and 19.
19
What is the highest common divisor of 10 and 2380?
10
Calculate the greatest common divisor of 103 and 309.
103
Calculate the highest common factor of 20 and 16.
4
What is the highest common divisor of 2176 and 680?
136
Calculate the greatest common divisor of 39 and 13.
13
Calculate the highest common divisor of 35 and 343.
7
Calculate the highest common factor of 27 and 2133.
27
What is the greatest common divisor of 348 and 22968?
348
What is the highest common factor of 23 and 575?
23
Calculate the highest common factor of 420 and 1860.
60
Calculate the greatest common factor of 48 and 88.
8
What is the greatest common factor of 847 and 22?
11
Calculate the highest common divisor of 40 and 60.
20
What is the greatest common factor of 69 and 345?
69
Calculate the greatest common divisor of 636 and 6.
6
What is the highest common factor of 3 and 479?
1
What is the highest common divisor of 160 and 5792?
32
What is the greatest common divisor of 283 and 13867?
283
Calculate the greatest common factor of 3531 and 749.
107
What is the highest common factor of 3072 and 72?
24
What is the highest common divisor of 201 and 3?
3
Calculate the greatest common factor of 1874 and 22.
2
Calculate the greatest common factor of 104 and 403.
13
Calculate the greatest common factor of 14948 and 74.
74
What is the greatest common divisor of 129 and 31089?
129
What is the greatest common divisor of 1090 and 30?
10
What is the greatest common divisor of 20 and 66860?
20
Calculate the highest common factor of 7292 and 1.
1
Calculate the highest common factor of 2176 and 464.
16
Calculate the greatest common divisor of 40 and 6.
2
Calculate the greatest common divisor of 10 and 1030.
10
What is the greatest common factor of 36 and 60?
12
What is the highest common factor of 18857 and 173?
173
Calculate the highest common factor of 644 and 182.
14
What is the highest common divisor of 238 and 9758?
238
Calculate the greatest common divisor of 117 and 1251.
9
Calculate the greatest common factor of 7 and 686.
7
Calculate the greatest common factor of 2070 and 45.
45
Calculate the highest common factor of 446 and 24307.
223
Calculate the highest common divisor of 92 and 1702.
46
Calculate the highest comm